{"id":2360,"date":"2018-03-25T18:47:13","date_gmt":"2018-03-25T16:47:13","guid":{"rendered":"https:\/\/www.anisapcalabria.it\/webportal\/?page_id=2360"},"modified":"2018-03-27T19:16:18","modified_gmt":"2018-03-27T17:16:18","slug":"la-presidenza","status":"publish","type":"page","link":"https:\/\/www.anisapcalabria.it\/webportal\/index.php\/chi-siamo\/la-presidenza\/","title":{"rendered":"Presidente Regionale"},"content":{"rendered":"<p><img decoding=\"async\" loading=\"lazy\" class=\"alignnone wp-image-2512\" src=\"https:\/\/www.anisapcalabria.it\/webportal\/wp-content\/uploads\/2018\/03\/FOTO-EDOARDO-MACINO.jpg\" alt=\"\" width=\"166\" height=\"125\" \/><em><span style=\"color: #0000ff;\">Il Presidente Regionale \u00e8 il Dr Edoardo M\u00e0cino, medico-chirurgo e specialista in Medicina di Laboratorio, laureato e specializzato presso l\u2019Universit\u00e0 degli Studi La Sapienza di Roma, perfezionato in Economia Sanitaria presso l\u2019Universit\u00e0 di Tor Vergata, membro della Societ\u00e0 Italiana di Medicina di Laboratorio, della Societ\u00e0 Italiana di Biologia Molecolare, dell\u2019Associazione Italiana Patologi Clinici, dell\u2019Associazione Microbiologi Clinici Italiani, della Societ\u00e0 Italiana di Aerobiologia, della Societ\u00e0 Italiana di Citologia oltre che dell\u2019 Associazione Nazionale Istituzione Sanitarie Ambulatoriali Private (ANISAP) di cui \u00e8 Vice Presidente Nazionale e Presidente Regionale. Ha al suo attivo numerose pubblicazioni di carattere culturale e scientifico.<\/span><\/em><\/p>\n","protected":false},"excerpt":{"rendered":"<p>Il Presidente Regionale \u00e8 il Dr Edoardo M\u00e0cino, medico-chirurgo e specialista in Medicina di Laboratorio, laureato e specializzato presso l\u2019Universit\u00e0 degli Studi La Sapienza di Roma, perfezionato in Economia Sanitaria presso l\u2019Universit\u00e0 di Tor Vergata, membro della Societ\u00e0 Italiana di Medicina di Laboratorio, della Societ\u00e0 Italiana di Biologia Molecolare, dell\u2019Associazione Italiana Patologi Clinici, dell\u2019Associazione Microbiologi&#8230;<\/p>\n","protected":false},"author":1,"featured_media":0,"parent":20,"menu_order":0,"comment_status":"closed","ping_status":"closed","template":"","meta":{"_mi_skip_tracking":false,"_monsterinsights_sitenote_active":false,"_monsterinsights_sitenote_note":"","_monsterinsights_sitenote_category":0,"footnotes":""},"aioseo_notices":[],"_links":{"self":[{"href":"https:\/\/www.anisapcalabria.it\/webportal\/index.php\/wp-json\/wp\/v2\/pages\/2360"}],"collection":[{"href":"https:\/\/www.anisapcalabria.it\/webportal\/index.php\/wp-json\/wp\/v2\/pages"}],"about":[{"href":"https:\/\/www.anisapcalabria.it\/webportal\/index.php\/wp-json\/wp\/v2\/types\/page"}],"author":[{"embeddable":true,"href":"https:\/\/www.anisapcalabria.it\/webportal\/index.php\/wp-json\/wp\/v2\/users\/1"}],"replies":[{"embeddable":true,"href":"https:\/\/www.anisapcalabria.it\/webportal\/index.php\/wp-json\/wp\/v2\/comments?post=2360"}],"version-history":[{"count":4,"href":"https:\/\/www.anisapcalabria.it\/webportal\/index.php\/wp-json\/wp\/v2\/pages\/2360\/revisions"}],"predecessor-version":[{"id":2515,"href":"https:\/\/www.anisapcalabria.it\/webportal\/index.php\/wp-json\/wp\/v2\/pages\/2360\/revisions\/2515"}],"up":[{"embeddable":true,"href":"https:\/\/www.anisapcalabria.it\/webportal\/index.php\/wp-json\/wp\/v2\/pages\/20"}],"wp:attachment":[{"href":"https:\/\/www.anisapcalabria.it\/webportal\/index.php\/wp-json\/wp\/v2\/media?parent=2360"}],"curies":[{"name":"wp","href":"https:\/\/api.w.org\/{rel}","templated":true}]}}